- (-4 - -2) - -1.
1
What is -8 + 1 - (-8 - -3)?
-2
Evaluate 1 + 0 - (7 - 2).
-4
Evaluate 1 + -4 + 15 + -5 + -2.
5
Calculate -9 - (-6 + (-1 - -1)).
-3
What is 3 - ((2 - -2) + 3 + -4)?
0
Calculate 4 - (0 + 0 - -4).
0
What is the value of -4 + (-1 - -2) + 2?
-1
What is 8 - (9 + -4) - (4 - 2)?
1
What is 10 - -2 - -1 - (-8 + 14)?
7
What is (4 - 7) + 6 + (1 - 2)?
2
Calculate -2 - 6 - (-33 + 21).
4
Calculate (-6 - 1) + -38 + 53.
8
-2 + 10 + -4 + -14
-10
Calculate -12 + (20 - 13) - (0 + -8).
3
Calculate -3 + -4 + 6 + -4.
-5
What is the value of 1 - 0 - (-4 + -3 + 4)?
4
Evaluate 2 + (2 - (4 - 4)).
4
Calculate -62 + 55 - (1 - 12).
4
Calculate (8 - 8) + (3 - -1).
4
What is the value of -3 + (7 - (2 + 1))?
1
5 + (0 - (8 - 1))
-2
What is the value of 7 + (-14 + 8 - (0 + 0))?
1
-4 - -3 - 0 - (-8 - -9)
-2
What is the value of 0 + 2 + 7 + (-8 - -4)?
5
What is the value of 3 - -1 - (3 + -6 + 5)?
2
What is the value of (-12 - (12 - 12)) + 13?
1
-1 - -4 - (4 - (1 + 3))
3
Calculate -6 - (7 - 10 - (3 + -2)).
-2
Evaluate (2 - ((0 - 3) + 2)) + -6.
-3
What is the value of 2 + (-6 + 1 - (6 + -4))?
-5
Evaluate 7 + (2 + 4 + -11 - -1).
3
What is the value of (-22 - -29) + -7 + -1?
-1
What is the value of (-1 - 3) + (14 - (6 - 4))?
8
Evaluate -3 + (1 - (-6 - -1)).
3
Calculate 167 - 162 - (1 + 0 + 9).
-5
What is the value of -5 + (-2 + 1 - (-10 - -6))?
-2
What is the value of (-8 - (-15 - -8)) + 0?
-1
What is the value of (11 - (1 + 8)) + -7?
-5
What is 9 + (-17 - -1 - -8)?
1
What is the value of -13 + (-1 - -5 - -4)?
-5
What is the value of 3 + -1 + -3 - -3?
2
What is the value of -10 + 6 + 0 + -3?
-7
Calculate (6 - 5) + 6 + -10.
-3
What is the value of -2 + 0 + -3 + 7?
2
Calculate 3 + 1 - (-9 + 14).
-1
Calculate -1 + (-1 - -1) + (0 - 0).
-1
Evaluate -6 - -1 - (-5 - (-11 + 7)).
-4
Calculate 0 + (5 - (-3 + 7)).
1
What is the value of -2 + ((1 - 1) + -7 - -3)?
-6
What is (2 + -3 - 0) + -2?
-3
Evaluate -16 + 8 + 14 + 1.
7
What is the value of -6 + 5 + 6 + -3 + -9?
-7
Evaluate -4 + 4 - 1 - -2.
1
(2 - (2 - (4 - 7))) + -2
-5
2 - ((-5 - -3) + -1)
5
What is the value of -10 + (19 - 10) - -4?
3
Evaluate 3 - (6 + -1 + (-13 - -8)).
3
What is 3 - -3 - (1 + 9) - 0?
-4
What is the value of (-2 + -1 - 5) + 8?
0
1 + 0 - (-2 + 4 + -3)
2
Calculate -5 - (6 + 5 + -20).
4
5 + 0 + (-2 - 5 - -4)
2
What is -6 - ((-13 - -14) + (-2 - -1))?
-6
What is (0 - -4 - 4) + (-2 - 3)?
-5
Evaluate 3 + (-7 + -1 - -4).
-1
Calculate 0 - ((-59 - -67) + (0 - 0)).
-8
Evaluate -1 - (4 + 5 + (-3 - 3)).
-4
What is 1 + -2 + 0 + -3?
-4
1 + 2 - (14 - 10)
-1
Evaluate 4 + (-7 - (-3 - 1)).
1
Calculate 0 + 4 + 0 + -4 + 0.
0
Evaluate -11 + 1 + (-29 - -36).
-3
Calculate 5 - 8 - (9 - 10).
-2
What is the value of 7 + -1 + (13 - 16)?
3
-1 + 9 - (21 + -17)
4
Evaluate -15 - (-5 + 0) - -9.
-1
Calculate -3 + (-5 - ((5 - 3) + -3)).
-7
Evaluate -3 + -20 + 10 - -10.
-3
What is the value of -7 - (-4 + 2 - 10)?
5
What is the value of 5 + (-3 + -6 - -4) + 5?
5
What is 0 - (4 + 4 + -2 + -2)?
-4
Calculate 7 + -2 + 3 + -8 + -2.
-2
What is the value of -3 - -7 - 7 - (-2 - 6)?
5
8 - (11 + -6 + -4)
7
What is the value of (12 - 7 - 8) + 4?
1
Evaluate -2 + (-6 - -6) + 4.
2
Evaluate (-8 - (-6 - -2)) + 4.
0
What is 11 + (-16 - -7) - (0 + -2)?
4
Evaluate 0 + 1 + -6 + 277 + -272.
0
Evaluate (-4 + 3 - -2) + (3 - 2).
2
-6 + 4 + -1 + 4
1
What is (-4 - -6) + (0 - 6)?
-4
Evaluate (1 - 4) + (4 - 2) + -4.
-5
What is the value of -1 + (0 - (-4 + 3 + 1))?
-1
What is the value of -11 + 7 - (8 + 1 - 8)?
-5
Evaluate 1 + 0 + -2 - 3.
-4
Calculate (-27 - (12 - 32)) + (-3 - 0).
-10
What is 1 + -1 + (-9 - -10 - -3)?
4
What is the value of -1 - 0 - (5 - 8)?
2
What is the value of -3 - (-3 + 1 - (7 + -14))?
-8
32 - 27 - (0 + 1)
4
What is the value of (0 - 3 - -3) + -3 + 0?
-3
Evaluate (0 - 2 - -5) + -6.
-3
Calculate (3 - (2 + -2 + 3)) + 0.
0
Evaluate -5 + (7 - -3) + -3.
2
0 - 6 - (1 + 8 + -11)
-4
-1 + (0 + 2 - -1)
2
-2 + 6 + -11 + 6
-1
Evaluate -7 + 0 - (-7 + 1 - -4).
-5
What is the value of 3 - (-6 + 7 - 1)?
3
-2 - 2 - (5 - (7 - 2))
-4
Calculate -3 + (-4 + -5 - -4 - -10).
2
Calculate 0 - 2 - (0 + (-1 - 5)).
4
What is -8 + 5 - 0 - (-1 + 0)?
-2
What is the value of -3 + (9 - -3 - -1)?
10
What is 3 + (-12 - -8) + 5?
4
Evaluate 0 - 2 - 2 - (-8 + 6).
-2
Calculate 0 + (8 - (5 + 2)).
1
Calculate (7 - 5) + (6 - 0 - 3).
5
1 + -1 + 2 + (-8 - -3)
-3
(1 + 6 - -1) + -245 + 239
2
What is the value of (-1 - 0) + (-5 - -1)?
-5
Calculate (22 - 16) + (-6 - -3).
3
(-2 - (-2 + (-6 - -4))) + -9
-7
Evaluate -4 - -1 - (7 + -13 + 2).
1
(18 - 16) + (-6 - -1)
-3
What is the value of -2 - (-3 + 5) - 0 - -7?
3
Evaluate (8 + -4 - 7) + -3.
-6
3 + -6 + -6 - -4
-5
Evaluate -2 - (8 - (5 + 9)).
4
Calculate 5 - (-5 + 4 - -10).
-4
Calculate (4 - 6) + 3 + -2.
-1
Evaluate (-6 - -1) + 0 - -1.
-4
What is (3 + -2 - -3) + -7?
-3
What is (-10 - -8) + 0 - (2 - 1)?
-3
What is the value of (24 - 11) + 1 + -10?
4
What is the value of -8 - -8 - (2 - 0) - 0?
-2
What is the value of 2 + 4 + -4 - 5?
-3
Calculate -1 + (2 - (3 - 0 - 1)).
-1
What is the value of -1 - (-3 - -4) - 1 - -1?
-2
Calculate 8 + -10 + 0 + 5.
3
-3 - (-2 - -7) - -5
-3
0 - (0 + 0) - (-58 + 57)
1
-5 + 5 + (-5 + 4 - -1)
0
Calculate (-3 - -2) + 5 + 3 + -2.
5
Evaluate -7 - (-1 + -4 + 3) - 0.
-5
-10 + (5 - -6) - (-3 - 1)
5
What is 1 - ((-1 - 5) + (21 - 19))?
5
Calculate (4 + -8 - -4) + 0 + -1.
-1
What is -10 + 14 + -5 + -4?
-5
What is (4 - (1 + 9)) + (-3 - -5)?
-4
-4 + (-2 - (-4 + 1))
-3
What is the value of 3 - (7 - 2 - -1)?
-3
(4 - (-3 + 6)) + -3
-2
Evaluate 2 - (0 - 1 - (-23 - -24)).
4
Evaluate 1 - 3 - (-9 + 0) - 3.
4
Calculate -4 + 4 + 1 + -7.
-6
What is the value of (0 - -6) + -2 - 6?
-2
Evaluate 5 + -1 + (-7 - -3).
0
0 + (0 - -2) - (-3 + 5)
0
What is 10 + -13 + 3 + 4?
4
What is -7 + 3 - (-3 + (-3 - 2))?
4
Calculate (-7 + 3 - -6) + -7.
-5
What is the value of (0 - 3) + -5 + 2 + 3?
-3
2 - (-14 + 1) - (-47 - -55)
7
3 + -4 + -1 - -4
2
What is -5 + 4 + -1 + 9?
7
What is 13 + 1 - (-7 - -4 - -9)?
8
7 + (2 - (3 + -2)) + -3
5
(-4 - -15) + (3 - (11 + -3))
6
What is the value of 2 + (5 - 4 - -2)?
5
Calculate 40 + -49 + 5 + 1 + -1.
-4
What is (-11 - -2) + (14 - 9)?
-4
Evaluate -3 + 0 + 4 + -6.
-5
Calculate -4 + (-4 + 8 - 4) - -10.
6
Evaluate -1 + (-1 - -4) + -6 + 2.
-2
-1 + -2 + -2 + 2
-3
What is the value of 1 - 6 - (10 - 12)?
-3
What is 5 + -7 + (13 - 9)?
2
-4 + 0 + 3 + -2 - -8
5
1 + -3 + 5 + -7 + -1
-5
1 + 0 + 2 + -4
-1
What is the value of 9 - (-6 + 4) - 7?
4
What is the value of -6 - (-8 - (-5 - -1))?
-2
Evaluate 0 + 6 - (-6 + 2 - -5).
5
-7 + 4 + 1 + 1
-1
What is the value of (1 - -2) + 0 + -5?
-2
What is the value of 1 + (4 - -1) - (4 - -1)?
1
-3 + (24 - 26) + 0 + 0
-5
Calculate 0 + (-14 - -19) + (-1 - 9).
-5
What is 9 + -6 + -1 + 0?
2
What is -6 - (-5 - (3 - (3 + 0)))?
-1
Calculate -2 + (-1 - 0) - -6.
3
(4 + -8 - -3) + 4 + -10
-7
What is the value of 4 - (3 + -2) - (4 + 1)?
-2
(1 - -2) + -10 + (7 - -1)
1
Evaluate -1 - (-5 - 9 - -8).
5
Calculate 4 + (-3 - -1) - (4 + 3).
-5
What is the value of 58 + -43 - (12 - 1)?
4
Calculate 0 + 1 - (-2 + -3 - -3).
3
Evaluate -1 + 1 + (-155 - -149).
-6
What is 9 + -6 + -4 + 6?
5
Evaluate 9 - (3 - 0 - -14).
-8
(4 + 8 - 9) + -6
-3
Evaluate 3 + (1 - (0 + 2)).
2
Evaluate -11 + 9 + (2 - (4 - 8)).
4
Evaluate -11 + (-5 - (-5 + -7)).
-4
Calculate 2 - (3 - 3 - 0).
2
0 + -4 + (-1 - (1 - 4))
-2
4 + -8 + 8 + -2
2
-2 - (2 + -5) - (15 + -14)
0
-1 + (-1 - 3) - (2 - 7)
0
Evaluate 5 - (3 + -6 + 3 + 6).
-1
What is the value of 8 - 8 - 14 - -18?
4
What is 4 + -2 + -6 - -3 - 1?
-2
-8 - (1 - 1) - -1
-7
What is -6 + (18 - 8) - (1 - 7)?
10
Calculate -4 - -2 - (-2 + 2).
-2
(-4 - -8) + 2 + -8 + 5
3
Calculate 1 - (4 - (-5 - -8)).
0
Evaluate -14 + 16 - (3 + -4).
3
23 + -26 + (8 - -1)
6
-13 + -1 + (-2 - -15)
-1
Calculate (-2 - 1 - -5) + -5.
-3
Evaluate -3 - ((-7 - -1) + 3) - -1.
1
What is the value of -1 + (1 - (2 + (1 - 3)))?
0
What is the value of (1 - 0 - 1 - 1) + 0?
-1
Evaluate -1 - (3 - (1 - -6)).
3
Calculate 2 + -8 + -1 + 4.
-3
Evaluate -1 - (4 + -7) - 5.
-3
Evaluate (-1 - (-8 - -4)) + -5.
-2
What is (-5 - (9 + -29)) + -9?
6
What is the value of 5 + -4 - (5 + -2)?
-2
Calculate 4 - (5 - -1) - 2.
-4
Calculate 0 - -1 - (5 - (-3 - -8)).
1
What is the value of 4 - (-4 - (1 - 10) - 0)?
-1
-1 - (-11 + 7) - 7
-4
What is the value of 1 - -2 - (7